{"id":1365,"date":"2025-12-25T13:15:35","date_gmt":"2025-12-25T12:15:35","guid":{"rendered":"https:\/\/guggify.ch\/?post_type=product&#038;p=1365"},"modified":"2025-12-25T13:51:26","modified_gmt":"2025-12-25T12:51:26","slug":"crazy-in-love-beyonce","status":"publish","type":"product","link":"https:\/\/guggify.ch\/index.php\/produkt\/crazy-in-love-beyonce\/","title":{"rendered":"Crazy in Love &#8211; Beyonc\u00e9"},"content":{"rendered":"<audio class=\"wp-audio-shortcode\" id=\"audio-1365-1\" preload=\"none\" style=\"width: 100%;\" controls=\"controls\"><source type=\"audio\/mpeg\" src=\"https:\/\/guggify.ch\/wp-content\/uploads\/2025\/12\/crazy_in_love_beyonce.mp3?_=1\" \/><a href=\"https:\/\/guggify.ch\/wp-content\/uploads\/2025\/12\/crazy_in_love_beyonce.mp3\">https:\/\/guggify.ch\/wp-content\/uploads\/2025\/12\/crazy_in_love_beyonce.mp3<\/a><\/audio>\n<p><iframe style=\"border-radius: 12px;\" src=\"https:\/\/open.spotify.com\/embed\/track\/0TwBtDAWpkpM3srywFVOV5?utm_source=generator\" width=\"100%\" height=\"152\" frameborder=\"0\" allowfullscreen=\"allowfullscreen\" data-testid=\"embed-iframe\"><\/iframe><\/p>\n<h3>Stimmen<\/h3>\n<p>1 Euphonium, 1-2 Trompete, 1-2 Posaune, 1 Sousaphon, Schlagwerk<\/p>\n<h3>Schwierigkeit<\/h3>\n<p>Gesamtschwierigkeit: Einfach &#8211; Mittel<\/p>\n<p>Eher hohe 1. Trompete und 1. Posaune &#8211; bis a2<\/p>\n<p>Rhythmisch abwechslungsreich.<\/p>\n","protected":false},"excerpt":{"rendered":"<p>Stimmen 1 Euphonium, 1-2 Trompete, 1-2 Posaune, 1 Sousaphon, Schlagwerk Schwierigkeit Gesamtschwierigkeit: Einfach &#8211; Mittel Eher hohe 1. Trompete und 1. Posaune &#8211; bis a2 Rhythmisch abwechslungsreich.<\/p>\n","protected":false},"featured_media":1368,"comment_status":"open","ping_status":"closed","template":"","meta":[],"product_brand":[],"product_cat":[15],"product_tag":[],"class_list":{"0":"post-1365","1":"product","2":"type-product","3":"status-publish","4":"has-post-thumbnail","6":"product_cat-unkategorisiert","8":"first","9":"instock","10":"featured","11":"downloadable","12":"shipping-taxable","13":"purchasable","14":"product-type-simple"},"yoast_head":"<!-- This site is optimized with the Yoast SEO plugin v26.6 - https:\/\/yoast.com\/wordpress\/plugins\/seo\/ -->\n<title>Crazy in Love - Beyonc\u00e9 - Guggify<\/title>\n<meta name=\"description\" content=\"Crazy in Love von Beyonc\u00e9 und Jay-Z als Guggenmusik Arrangement. Ideal f\u00fcr Fasnacht, Party und Gugge. Energiegeladener Klassiker, garantiert mitreissend.\" \/>\n<meta name=\"robots\" content=\"index, follow, max-snippet:-1, max-image-preview:large, max-video-preview:-1\" \/>\n<link rel=\"canonical\" href=\"https:\/\/guggify.ch\/index.php\/produkt\/crazy-in-love-beyonce\/\" \/>\n<meta property=\"og:locale\" content=\"de_DE\" \/>\n<meta property=\"og:type\" content=\"article\" \/>\n<meta property=\"og:title\" content=\"Crazy in Love - Beyonc\u00e9 - Guggify\" \/>\n<meta property=\"og:description\" content=\"Crazy in Love von Beyonc\u00e9 und Jay-Z als Guggenmusik Arrangement. Ideal f\u00fcr Fasnacht, Party und Gugge. Energiegeladener Klassiker, garantiert mitreissend.\" \/>\n<meta property=\"og:url\" content=\"https:\/\/guggify.ch\/index.php\/produkt\/crazy-in-love-beyonce\/\" \/>\n<meta property=\"og:site_name\" content=\"Guggify\" \/>\n<meta property=\"article:modified_time\" content=\"2025-12-25T12:51:26+00:00\" \/>\n<meta property=\"og:image\" content=\"https:\/\/guggify.ch\/wp-content\/uploads\/2025\/12\/crazy_in_love.jpg\" \/>\n\t<meta property=\"og:image:width\" content=\"640\" \/>\n\t<meta property=\"og:image:height\" content=\"640\" \/>\n\t<meta property=\"og:image:type\" content=\"image\/jpeg\" \/>\n<meta name=\"twitter:card\" content=\"summary_large_image\" \/>\n<meta name=\"twitter:label1\" content=\"Gesch\u00e4tzte Lesezeit\" \/>\n\t<meta name=\"twitter:data1\" content=\"1\u00a0Minute\" \/>\n<script type=\"application\/ld+json\" class=\"yoast-schema-graph\">{\"@context\":\"https:\/\/schema.org\",\"@graph\":[{\"@type\":\"WebPage\",\"@id\":\"https:\/\/guggify.ch\/index.php\/produkt\/crazy-in-love-beyonce\/\",\"url\":\"https:\/\/guggify.ch\/index.php\/produkt\/crazy-in-love-beyonce\/\",\"name\":\"Crazy in Love - Beyonc\u00e9 - Guggify\",\"isPartOf\":{\"@id\":\"https:\/\/guggify.ch\/#website\"},\"primaryImageOfPage\":{\"@id\":\"https:\/\/guggify.ch\/index.php\/produkt\/crazy-in-love-beyonce\/#primaryimage\"},\"image\":{\"@id\":\"https:\/\/guggify.ch\/index.php\/produkt\/crazy-in-love-beyonce\/#primaryimage\"},\"thumbnailUrl\":\"https:\/\/guggify.ch\/wp-content\/uploads\/2025\/12\/crazy_in_love.jpg\",\"datePublished\":\"2025-12-25T12:15:35+00:00\",\"dateModified\":\"2025-12-25T12:51:26+00:00\",\"description\":\"Crazy in Love von Beyonc\u00e9 und Jay-Z als Guggenmusik Arrangement. Ideal f\u00fcr Fasnacht, Party und Gugge. Energiegeladener Klassiker, garantiert mitreissend.\",\"breadcrumb\":{\"@id\":\"https:\/\/guggify.ch\/index.php\/produkt\/crazy-in-love-beyonce\/#breadcrumb\"},\"inLanguage\":\"de-CH\",\"potentialAction\":[{\"@type\":\"ReadAction\",\"target\":[\"https:\/\/guggify.ch\/index.php\/produkt\/crazy-in-love-beyonce\/\"]}]},{\"@type\":\"ImageObject\",\"inLanguage\":\"de-CH\",\"@id\":\"https:\/\/guggify.ch\/index.php\/produkt\/crazy-in-love-beyonce\/#primaryimage\",\"url\":\"https:\/\/guggify.ch\/wp-content\/uploads\/2025\/12\/crazy_in_love.jpg\",\"contentUrl\":\"https:\/\/guggify.ch\/wp-content\/uploads\/2025\/12\/crazy_in_love.jpg\",\"width\":640,\"height\":640},{\"@type\":\"BreadcrumbList\",\"@id\":\"https:\/\/guggify.ch\/index.php\/produkt\/crazy-in-love-beyonce\/#breadcrumb\",\"itemListElement\":[{\"@type\":\"ListItem\",\"position\":1,\"name\":\"Startseite\",\"item\":\"https:\/\/guggify.ch\/\"},{\"@type\":\"ListItem\",\"position\":2,\"name\":\"Lieder\",\"item\":\"https:\/\/guggify.ch\/index.php\/shop\/\"},{\"@type\":\"ListItem\",\"position\":3,\"name\":\"Crazy in Love &#8211; Beyonc\u00e9\"}]},{\"@type\":\"WebSite\",\"@id\":\"https:\/\/guggify.ch\/#website\",\"url\":\"https:\/\/guggify.ch\/\",\"name\":\"Guggify\",\"description\":\"Guggen-Arrangements &amp; Noten, die bewegen.\",\"publisher\":{\"@id\":\"https:\/\/guggify.ch\/#organization\"},\"potentialAction\":[{\"@type\":\"SearchAction\",\"target\":{\"@type\":\"EntryPoint\",\"urlTemplate\":\"https:\/\/guggify.ch\/?s={search_term_string}\"},\"query-input\":{\"@type\":\"PropertyValueSpecification\",\"valueRequired\":true,\"valueName\":\"search_term_string\"}}],\"inLanguage\":\"de-CH\"},{\"@type\":\"Organization\",\"@id\":\"https:\/\/guggify.ch\/#organization\",\"name\":\"Guggify\",\"url\":\"https:\/\/guggify.ch\/\",\"logo\":{\"@type\":\"ImageObject\",\"inLanguage\":\"de-CH\",\"@id\":\"https:\/\/guggify.ch\/#\/schema\/logo\/image\/\",\"url\":\"https:\/\/guggify.ch\/wp-content\/uploads\/2025\/01\/DALL_E-2025-01-03-11.40-removebg-preview.png\",\"contentUrl\":\"https:\/\/guggify.ch\/wp-content\/uploads\/2025\/01\/DALL_E-2025-01-03-11.40-removebg-preview.png\",\"width\":500,\"height\":500,\"caption\":\"Guggify\"},\"image\":{\"@id\":\"https:\/\/guggify.ch\/#\/schema\/logo\/image\/\"},\"sameAs\":[\"https:\/\/www.youtube.com\/@Guggify-CH\"]}]}<\/script>\n<!-- \/ Yoast SEO plugin. -->","yoast_head_json":{"title":"Crazy in Love - Beyonc\u00e9 - Guggify","description":"Crazy in Love von Beyonc\u00e9 und Jay-Z als Guggenmusik Arrangement. Ideal f\u00fcr Fasnacht, Party und Gugge. Energiegeladener Klassiker, garantiert mitreissend.","robots":{"index":"index","follow":"follow","max-snippet":"max-snippet:-1","max-image-preview":"max-image-preview:large","max-video-preview":"max-video-preview:-1"},"canonical":"https:\/\/guggify.ch\/index.php\/produkt\/crazy-in-love-beyonce\/","og_locale":"de_DE","og_type":"article","og_title":"Crazy in Love - Beyonc\u00e9 - Guggify","og_description":"Crazy in Love von Beyonc\u00e9 und Jay-Z als Guggenmusik Arrangement. Ideal f\u00fcr Fasnacht, Party und Gugge. Energiegeladener Klassiker, garantiert mitreissend.","og_url":"https:\/\/guggify.ch\/index.php\/produkt\/crazy-in-love-beyonce\/","og_site_name":"Guggify","article_modified_time":"2025-12-25T12:51:26+00:00","og_image":[{"width":640,"height":640,"url":"https:\/\/guggify.ch\/wp-content\/uploads\/2025\/12\/crazy_in_love.jpg","type":"image\/jpeg"}],"twitter_card":"summary_large_image","twitter_misc":{"Gesch\u00e4tzte Lesezeit":"1\u00a0Minute"},"schema":{"@context":"https:\/\/schema.org","@graph":[{"@type":"WebPage","@id":"https:\/\/guggify.ch\/index.php\/produkt\/crazy-in-love-beyonce\/","url":"https:\/\/guggify.ch\/index.php\/produkt\/crazy-in-love-beyonce\/","name":"Crazy in Love - Beyonc\u00e9 - Guggify","isPartOf":{"@id":"https:\/\/guggify.ch\/#website"},"primaryImageOfPage":{"@id":"https:\/\/guggify.ch\/index.php\/produkt\/crazy-in-love-beyonce\/#primaryimage"},"image":{"@id":"https:\/\/guggify.ch\/index.php\/produkt\/crazy-in-love-beyonce\/#primaryimage"},"thumbnailUrl":"https:\/\/guggify.ch\/wp-content\/uploads\/2025\/12\/crazy_in_love.jpg","datePublished":"2025-12-25T12:15:35+00:00","dateModified":"2025-12-25T12:51:26+00:00","description":"Crazy in Love von Beyonc\u00e9 und Jay-Z als Guggenmusik Arrangement. Ideal f\u00fcr Fasnacht, Party und Gugge. Energiegeladener Klassiker, garantiert mitreissend.","breadcrumb":{"@id":"https:\/\/guggify.ch\/index.php\/produkt\/crazy-in-love-beyonce\/#breadcrumb"},"inLanguage":"de-CH","potentialAction":[{"@type":"ReadAction","target":["https:\/\/guggify.ch\/index.php\/produkt\/crazy-in-love-beyonce\/"]}]},{"@type":"ImageObject","inLanguage":"de-CH","@id":"https:\/\/guggify.ch\/index.php\/produkt\/crazy-in-love-beyonce\/#primaryimage","url":"https:\/\/guggify.ch\/wp-content\/uploads\/2025\/12\/crazy_in_love.jpg","contentUrl":"https:\/\/guggify.ch\/wp-content\/uploads\/2025\/12\/crazy_in_love.jpg","width":640,"height":640},{"@type":"BreadcrumbList","@id":"https:\/\/guggify.ch\/index.php\/produkt\/crazy-in-love-beyonce\/#breadcrumb","itemListElement":[{"@type":"ListItem","position":1,"name":"Startseite","item":"https:\/\/guggify.ch\/"},{"@type":"ListItem","position":2,"name":"Lieder","item":"https:\/\/guggify.ch\/index.php\/shop\/"},{"@type":"ListItem","position":3,"name":"Crazy in Love &#8211; Beyonc\u00e9"}]},{"@type":"WebSite","@id":"https:\/\/guggify.ch\/#website","url":"https:\/\/guggify.ch\/","name":"Guggify","description":"Guggen-Arrangements &amp; Noten, die bewegen.","publisher":{"@id":"https:\/\/guggify.ch\/#organization"},"potentialAction":[{"@type":"SearchAction","target":{"@type":"EntryPoint","urlTemplate":"https:\/\/guggify.ch\/?s={search_term_string}"},"query-input":{"@type":"PropertyValueSpecification","valueRequired":true,"valueName":"search_term_string"}}],"inLanguage":"de-CH"},{"@type":"Organization","@id":"https:\/\/guggify.ch\/#organization","name":"Guggify","url":"https:\/\/guggify.ch\/","logo":{"@type":"ImageObject","inLanguage":"de-CH","@id":"https:\/\/guggify.ch\/#\/schema\/logo\/image\/","url":"https:\/\/guggify.ch\/wp-content\/uploads\/2025\/01\/DALL_E-2025-01-03-11.40-removebg-preview.png","contentUrl":"https:\/\/guggify.ch\/wp-content\/uploads\/2025\/01\/DALL_E-2025-01-03-11.40-removebg-preview.png","width":500,"height":500,"caption":"Guggify"},"image":{"@id":"https:\/\/guggify.ch\/#\/schema\/logo\/image\/"},"sameAs":["https:\/\/www.youtube.com\/@Guggify-CH"]}]}},"jetpack_sharing_enabled":true,"_links":{"self":[{"href":"https:\/\/guggify.ch\/index.php\/wp-json\/wp\/v2\/product\/1365","targetHints":{"allow":["GET"]}}],"collection":[{"href":"https:\/\/guggify.ch\/index.php\/wp-json\/wp\/v2\/product"}],"about":[{"href":"https:\/\/guggify.ch\/index.php\/wp-json\/wp\/v2\/types\/product"}],"replies":[{"embeddable":true,"href":"https:\/\/guggify.ch\/index.php\/wp-json\/wp\/v2\/comments?post=1365"}],"wp:featuredmedia":[{"embeddable":true,"href":"https:\/\/guggify.ch\/index.php\/wp-json\/wp\/v2\/media\/1368"}],"wp:attachment":[{"href":"https:\/\/guggify.ch\/index.php\/wp-json\/wp\/v2\/media?parent=1365"}],"wp:term":[{"taxonomy":"product_brand","embeddable":true,"href":"https:\/\/guggify.ch\/index.php\/wp-json\/wp\/v2\/product_brand?post=1365"},{"taxonomy":"product_cat","embeddable":true,"href":"https:\/\/guggify.ch\/index.php\/wp-json\/wp\/v2\/product_cat?post=1365"},{"taxonomy":"product_tag","embeddable":true,"href":"https:\/\/guggify.ch\/index.php\/wp-json\/wp\/v2\/product_tag?post=1365"}],"curies":[{"name":"wp","href":"https:\/\/api.w.org\/{rel}","templated":true}]}}