{"id":156,"date":"2025-01-31T16:42:23","date_gmt":"2025-01-31T15:42:23","guid":{"rendered":"https:\/\/guggify.ch\/?post_type=product&#038;p=156"},"modified":"2025-05-15T09:42:32","modified_gmt":"2025-05-15T07:42:32","slug":"crawling-linkin-park","status":"publish","type":"product","link":"https:\/\/guggify.ch\/index.php\/produkt\/crawling-linkin-park\/","title":{"rendered":"Crawling &#8211; Linkin Park"},"content":{"rendered":"<p><audio class=\"wp-audio-shortcode\" id=\"audio-156-1\" preload=\"none\" style=\"width: 100%;\" controls=\"controls\"><source type=\"audio\/mpeg\" src=\"https:\/\/guggify.ch\/wp-content\/uploads\/2025\/01\/linkin_park_crawling.mp3?_=1\" \/><a href=\"https:\/\/guggify.ch\/wp-content\/uploads\/2025\/01\/linkin_park_crawling.mp3\">https:\/\/guggify.ch\/wp-content\/uploads\/2025\/01\/linkin_park_crawling.mp3<\/a><\/audio><br \/>\n<iframe style=\"border-radius:12px\" src=\"https:\/\/open.spotify.com\/embed\/track\/57BrRMwf9LrcmuOsyGilwr?utm_source=generator\" width=\"100%\" height=\"152\" frameBorder=\"0\" allowfullscreen=\"\" allow=\"autoplay; clipboard-write; encrypted-media; fullscreen; picture-in-picture\" loading=\"lazy\"><\/iframe><\/p>\n<h3>Stimmen<\/h3>\n<p>1 Euphonium, 1-2 Trompete, 1-2 Posaune, 1 Sousaphon, Schlagwerk + Lyra<\/p>\n<h3>Schwierigkeit<\/h3>\n<p>Gesamtschwierigkeit: Einfach (hohe Tonlage f\u00fcr 1. Trompete -&gt; G&quot;)<\/p>\n","protected":false},"excerpt":{"rendered":"<p>Mit \u201eCrawling\u201c von Linkin Park zieht ein echter Rock-Klassiker ins Guggenrepertoire ein \u2013 intensiv und laut. Die d\u00fcstere Grundstimmung des Originals bleibt erhalten, wird aber durch das Arrangement in eine kraftvolle Wand verwandelt. Der Sound lebt von der Dynamik zwischen ruhigem Intro und vollem Refrain \u2013 perfekt, um Emotion und Energie zu vermitteln.<\/p>\n<p>Spielerisch ist das St\u00fcck einfach, trotzdem gibt\u2019s f\u00fcr die 1. Trompeten in der oberen Lage etwas zu beissen (G&quot;). Genau das sorgt f\u00fcr die n\u00f6tige Spannung im Klangbild. Ein starker Titel f\u00fcr Gruppen, die musikalisch Druck machen wollen \u2013 mit Wiedererkennungswert und Tiefgang.<\/p>\n","protected":false},"featured_media":157,"comment_status":"open","ping_status":"closed","template":"","meta":[],"product_brand":[],"product_cat":[15],"product_tag":[],"class_list":{"0":"post-156","1":"product","2":"type-product","3":"status-publish","4":"has-post-thumbnail","6":"product_cat-unkategorisiert","8":"first","9":"instock","10":"downloadable","11":"virtual","12":"purchasable","13":"product-type-simple"},"yoast_head":"<!-- This site is optimized with the Yoast SEO plugin v26.6 - https:\/\/yoast.com\/wordpress\/plugins\/seo\/ -->\n<title>Crawling - Linkin Park - Guggify<\/title>\n<meta name=\"description\" content=\"\u201eCrawling\u201c \u2013 d\u00fcster, laut, emotional. Der Linkin-Park-Hit bringt fette Sounds und hohe Lagen f\u00fcr Trompeten \u2013 ideal f\u00fcr kraftvolle Guggenmomente.\" \/>\n<meta name=\"robots\" content=\"index, follow, max-snippet:-1, max-image-preview:large, max-video-preview:-1\" \/>\n<link rel=\"canonical\" href=\"https:\/\/guggify.ch\/index.php\/produkt\/crawling-linkin-park\/\" \/>\n<meta property=\"og:locale\" content=\"de_DE\" \/>\n<meta property=\"og:type\" content=\"article\" \/>\n<meta property=\"og:title\" content=\"Crawling - Linkin Park - Guggify\" \/>\n<meta property=\"og:description\" content=\"\u201eCrawling\u201c \u2013 d\u00fcster, laut, emotional. Der Linkin-Park-Hit bringt fette Sounds und hohe Lagen f\u00fcr Trompeten \u2013 ideal f\u00fcr kraftvolle Guggenmomente.\" \/>\n<meta property=\"og:url\" content=\"https:\/\/guggify.ch\/index.php\/produkt\/crawling-linkin-park\/\" \/>\n<meta property=\"og:site_name\" content=\"Guggify\" \/>\n<meta property=\"article:modified_time\" content=\"2025-05-15T07:42:32+00:00\" \/>\n<meta property=\"og:image\" content=\"https:\/\/guggify.ch\/wp-content\/uploads\/2025\/01\/crawling_cover.jpg\" \/>\n\t<meta property=\"og:image:width\" content=\"640\" \/>\n\t<meta property=\"og:image:height\" content=\"640\" \/>\n\t<meta property=\"og:image:type\" content=\"image\/jpeg\" \/>\n<meta name=\"twitter:card\" content=\"summary_large_image\" \/>\n<meta name=\"twitter:label1\" content=\"Gesch\u00e4tzte Lesezeit\" \/>\n\t<meta name=\"twitter:data1\" content=\"1\u00a0Minute\" \/>\n<script type=\"application\/ld+json\" class=\"yoast-schema-graph\">{\"@context\":\"https:\/\/schema.org\",\"@graph\":[{\"@type\":\"WebPage\",\"@id\":\"https:\/\/guggify.ch\/index.php\/produkt\/crawling-linkin-park\/\",\"url\":\"https:\/\/guggify.ch\/index.php\/produkt\/crawling-linkin-park\/\",\"name\":\"Crawling - Linkin Park - Guggify\",\"isPartOf\":{\"@id\":\"https:\/\/guggify.ch\/#website\"},\"primaryImageOfPage\":{\"@id\":\"https:\/\/guggify.ch\/index.php\/produkt\/crawling-linkin-park\/#primaryimage\"},\"image\":{\"@id\":\"https:\/\/guggify.ch\/index.php\/produkt\/crawling-linkin-park\/#primaryimage\"},\"thumbnailUrl\":\"https:\/\/guggify.ch\/wp-content\/uploads\/2025\/01\/crawling_cover.jpg\",\"datePublished\":\"2025-01-31T15:42:23+00:00\",\"dateModified\":\"2025-05-15T07:42:32+00:00\",\"description\":\"\u201eCrawling\u201c \u2013 d\u00fcster, laut, emotional. Der Linkin-Park-Hit bringt fette Sounds und hohe Lagen f\u00fcr Trompeten \u2013 ideal f\u00fcr kraftvolle Guggenmomente.\",\"breadcrumb\":{\"@id\":\"https:\/\/guggify.ch\/index.php\/produkt\/crawling-linkin-park\/#breadcrumb\"},\"inLanguage\":\"de-CH\",\"potentialAction\":[{\"@type\":\"ReadAction\",\"target\":[\"https:\/\/guggify.ch\/index.php\/produkt\/crawling-linkin-park\/\"]}]},{\"@type\":\"ImageObject\",\"inLanguage\":\"de-CH\",\"@id\":\"https:\/\/guggify.ch\/index.php\/produkt\/crawling-linkin-park\/#primaryimage\",\"url\":\"https:\/\/guggify.ch\/wp-content\/uploads\/2025\/01\/crawling_cover.jpg\",\"contentUrl\":\"https:\/\/guggify.ch\/wp-content\/uploads\/2025\/01\/crawling_cover.jpg\",\"width\":640,\"height\":640},{\"@type\":\"BreadcrumbList\",\"@id\":\"https:\/\/guggify.ch\/index.php\/produkt\/crawling-linkin-park\/#breadcrumb\",\"itemListElement\":[{\"@type\":\"ListItem\",\"position\":1,\"name\":\"Startseite\",\"item\":\"https:\/\/guggify.ch\/\"},{\"@type\":\"ListItem\",\"position\":2,\"name\":\"Lieder\",\"item\":\"https:\/\/guggify.ch\/index.php\/shop\/\"},{\"@type\":\"ListItem\",\"position\":3,\"name\":\"Crawling &#8211; Linkin Park\"}]},{\"@type\":\"WebSite\",\"@id\":\"https:\/\/guggify.ch\/#website\",\"url\":\"https:\/\/guggify.ch\/\",\"name\":\"Guggify\",\"description\":\"Guggen-Arrangements &amp; Noten, die bewegen.\",\"publisher\":{\"@id\":\"https:\/\/guggify.ch\/#organization\"},\"potentialAction\":[{\"@type\":\"SearchAction\",\"target\":{\"@type\":\"EntryPoint\",\"urlTemplate\":\"https:\/\/guggify.ch\/?s={search_term_string}\"},\"query-input\":{\"@type\":\"PropertyValueSpecification\",\"valueRequired\":true,\"valueName\":\"search_term_string\"}}],\"inLanguage\":\"de-CH\"},{\"@type\":\"Organization\",\"@id\":\"https:\/\/guggify.ch\/#organization\",\"name\":\"Guggify\",\"url\":\"https:\/\/guggify.ch\/\",\"logo\":{\"@type\":\"ImageObject\",\"inLanguage\":\"de-CH\",\"@id\":\"https:\/\/guggify.ch\/#\/schema\/logo\/image\/\",\"url\":\"https:\/\/guggify.ch\/wp-content\/uploads\/2025\/01\/DALL_E-2025-01-03-11.40-removebg-preview.png\",\"contentUrl\":\"https:\/\/guggify.ch\/wp-content\/uploads\/2025\/01\/DALL_E-2025-01-03-11.40-removebg-preview.png\",\"width\":500,\"height\":500,\"caption\":\"Guggify\"},\"image\":{\"@id\":\"https:\/\/guggify.ch\/#\/schema\/logo\/image\/\"},\"sameAs\":[\"https:\/\/www.youtube.com\/@Guggify-CH\"]}]}<\/script>\n<!-- \/ Yoast SEO plugin. -->","yoast_head_json":{"title":"Crawling - Linkin Park - Guggify","description":"\u201eCrawling\u201c \u2013 d\u00fcster, laut, emotional. Der Linkin-Park-Hit bringt fette Sounds und hohe Lagen f\u00fcr Trompeten \u2013 ideal f\u00fcr kraftvolle Guggenmomente.","robots":{"index":"index","follow":"follow","max-snippet":"max-snippet:-1","max-image-preview":"max-image-preview:large","max-video-preview":"max-video-preview:-1"},"canonical":"https:\/\/guggify.ch\/index.php\/produkt\/crawling-linkin-park\/","og_locale":"de_DE","og_type":"article","og_title":"Crawling - Linkin Park - Guggify","og_description":"\u201eCrawling\u201c \u2013 d\u00fcster, laut, emotional. Der Linkin-Park-Hit bringt fette Sounds und hohe Lagen f\u00fcr Trompeten \u2013 ideal f\u00fcr kraftvolle Guggenmomente.","og_url":"https:\/\/guggify.ch\/index.php\/produkt\/crawling-linkin-park\/","og_site_name":"Guggify","article_modified_time":"2025-05-15T07:42:32+00:00","og_image":[{"width":640,"height":640,"url":"https:\/\/guggify.ch\/wp-content\/uploads\/2025\/01\/crawling_cover.jpg","type":"image\/jpeg"}],"twitter_card":"summary_large_image","twitter_misc":{"Gesch\u00e4tzte Lesezeit":"1\u00a0Minute"},"schema":{"@context":"https:\/\/schema.org","@graph":[{"@type":"WebPage","@id":"https:\/\/guggify.ch\/index.php\/produkt\/crawling-linkin-park\/","url":"https:\/\/guggify.ch\/index.php\/produkt\/crawling-linkin-park\/","name":"Crawling - Linkin Park - Guggify","isPartOf":{"@id":"https:\/\/guggify.ch\/#website"},"primaryImageOfPage":{"@id":"https:\/\/guggify.ch\/index.php\/produkt\/crawling-linkin-park\/#primaryimage"},"image":{"@id":"https:\/\/guggify.ch\/index.php\/produkt\/crawling-linkin-park\/#primaryimage"},"thumbnailUrl":"https:\/\/guggify.ch\/wp-content\/uploads\/2025\/01\/crawling_cover.jpg","datePublished":"2025-01-31T15:42:23+00:00","dateModified":"2025-05-15T07:42:32+00:00","description":"\u201eCrawling\u201c \u2013 d\u00fcster, laut, emotional. Der Linkin-Park-Hit bringt fette Sounds und hohe Lagen f\u00fcr Trompeten \u2013 ideal f\u00fcr kraftvolle Guggenmomente.","breadcrumb":{"@id":"https:\/\/guggify.ch\/index.php\/produkt\/crawling-linkin-park\/#breadcrumb"},"inLanguage":"de-CH","potentialAction":[{"@type":"ReadAction","target":["https:\/\/guggify.ch\/index.php\/produkt\/crawling-linkin-park\/"]}]},{"@type":"ImageObject","inLanguage":"de-CH","@id":"https:\/\/guggify.ch\/index.php\/produkt\/crawling-linkin-park\/#primaryimage","url":"https:\/\/guggify.ch\/wp-content\/uploads\/2025\/01\/crawling_cover.jpg","contentUrl":"https:\/\/guggify.ch\/wp-content\/uploads\/2025\/01\/crawling_cover.jpg","width":640,"height":640},{"@type":"BreadcrumbList","@id":"https:\/\/guggify.ch\/index.php\/produkt\/crawling-linkin-park\/#breadcrumb","itemListElement":[{"@type":"ListItem","position":1,"name":"Startseite","item":"https:\/\/guggify.ch\/"},{"@type":"ListItem","position":2,"name":"Lieder","item":"https:\/\/guggify.ch\/index.php\/shop\/"},{"@type":"ListItem","position":3,"name":"Crawling &#8211; Linkin Park"}]},{"@type":"WebSite","@id":"https:\/\/guggify.ch\/#website","url":"https:\/\/guggify.ch\/","name":"Guggify","description":"Guggen-Arrangements &amp; Noten, die bewegen.","publisher":{"@id":"https:\/\/guggify.ch\/#organization"},"potentialAction":[{"@type":"SearchAction","target":{"@type":"EntryPoint","urlTemplate":"https:\/\/guggify.ch\/?s={search_term_string}"},"query-input":{"@type":"PropertyValueSpecification","valueRequired":true,"valueName":"search_term_string"}}],"inLanguage":"de-CH"},{"@type":"Organization","@id":"https:\/\/guggify.ch\/#organization","name":"Guggify","url":"https:\/\/guggify.ch\/","logo":{"@type":"ImageObject","inLanguage":"de-CH","@id":"https:\/\/guggify.ch\/#\/schema\/logo\/image\/","url":"https:\/\/guggify.ch\/wp-content\/uploads\/2025\/01\/DALL_E-2025-01-03-11.40-removebg-preview.png","contentUrl":"https:\/\/guggify.ch\/wp-content\/uploads\/2025\/01\/DALL_E-2025-01-03-11.40-removebg-preview.png","width":500,"height":500,"caption":"Guggify"},"image":{"@id":"https:\/\/guggify.ch\/#\/schema\/logo\/image\/"},"sameAs":["https:\/\/www.youtube.com\/@Guggify-CH"]}]}},"jetpack_sharing_enabled":true,"_links":{"self":[{"href":"https:\/\/guggify.ch\/index.php\/wp-json\/wp\/v2\/product\/156","targetHints":{"allow":["GET"]}}],"collection":[{"href":"https:\/\/guggify.ch\/index.php\/wp-json\/wp\/v2\/product"}],"about":[{"href":"https:\/\/guggify.ch\/index.php\/wp-json\/wp\/v2\/types\/product"}],"replies":[{"embeddable":true,"href":"https:\/\/guggify.ch\/index.php\/wp-json\/wp\/v2\/comments?post=156"}],"wp:featuredmedia":[{"embeddable":true,"href":"https:\/\/guggify.ch\/index.php\/wp-json\/wp\/v2\/media\/157"}],"wp:attachment":[{"href":"https:\/\/guggify.ch\/index.php\/wp-json\/wp\/v2\/media?parent=156"}],"wp:term":[{"taxonomy":"product_brand","embeddable":true,"href":"https:\/\/guggify.ch\/index.php\/wp-json\/wp\/v2\/product_brand?post=156"},{"taxonomy":"product_cat","embeddable":true,"href":"https:\/\/guggify.ch\/index.php\/wp-json\/wp\/v2\/product_cat?post=156"},{"taxonomy":"product_tag","embeddable":true,"href":"https:\/\/guggify.ch\/index.php\/wp-json\/wp\/v2\/product_tag?post=156"}],"curies":[{"name":"wp","href":"https:\/\/api.w.org\/{rel}","templated":true}]}}