{"id":158,"date":"2025-01-31T16:45:23","date_gmt":"2025-01-31T15:45:23","guid":{"rendered":"https:\/\/guggify.ch\/?post_type=product&#038;p=158"},"modified":"2025-12-25T13:49:56","modified_gmt":"2025-12-25T12:49:56","slug":"darkside-alan-walker","status":"publish","type":"product","link":"https:\/\/guggify.ch\/index.php\/produkt\/darkside-alan-walker\/","title":{"rendered":"Darkside &#8211; Alan Walker"},"content":{"rendered":"<p><audio class=\"wp-audio-shortcode\" id=\"audio-158-1\" preload=\"none\" style=\"width: 100%;\" controls=\"controls\"><source type=\"audio\/mpeg\" src=\"https:\/\/guggify.ch\/wp-content\/uploads\/2025\/01\/alan_walker_darkside.mp3?_=1\" \/><a href=\"https:\/\/guggify.ch\/wp-content\/uploads\/2025\/01\/alan_walker_darkside.mp3\">https:\/\/guggify.ch\/wp-content\/uploads\/2025\/01\/alan_walker_darkside.mp3<\/a><\/audio><br \/>\n<iframe style=\"border-radius:12px\" src=\"https:\/\/open.spotify.com\/embed\/track\/6SRWhUJcD2YKahCwHavz3X?utm_source=generator\" width=\"100%\" height=\"152\" frameBorder=\"0\" allowfullscreen=\"\" allow=\"autoplay; clipboard-write; encrypted-media; fullscreen; picture-in-picture\" loading=\"lazy\"><\/iframe><\/p>\n<h3>Stimmen<\/h3>\n<p>1 Euphonium, 1-2 Trompete, 1-2 Posaune, 1 Sousaphon, Schlagwerk<\/p>\n<h3>Schwierigkeit<\/h3>\n<p>Gesamtschwierigkeit: Einfach<\/p>\n","protected":false},"excerpt":{"rendered":"<p>\u201eDarkside\u201c von Alan Walker bringt eine melancholisch-sch\u00f6ne Atmosph\u00e4re ins Guggen-Set \u2013 getragen von eing\u00e4ngigen Harmonien und einem modernen Popsound. In der Guggenversion entsteht eine dichte Klangfl\u00e4che, die trotzdem genug Raum f\u00fcr Melodie und Ausdruck l\u00e4sst. Ideal als Kontrastpunkt in einem eher lauten Programm oder als stimmungsvoller Einstieg.<\/p>\n<p>Das Arrangement ist bewusst schlank gehalten, damit der Fluss der Musik im Vordergrund bleibt. Technisch bleibt\u2019s entspannt, sodass der Fokus auf dem gemeinsamen Sound und der Wirkung nach aussen liegt. Ein Song, der ber\u00fchrt!<\/p>\n","protected":false},"featured_media":159,"comment_status":"open","ping_status":"closed","template":"","meta":[],"product_brand":[],"product_cat":[15],"product_tag":[],"class_list":{"0":"post-158","1":"product","2":"type-product","3":"status-publish","4":"has-post-thumbnail","6":"product_cat-unkategorisiert","8":"first","9":"instock","10":"downloadable","11":"virtual","12":"purchasable","13":"product-type-simple"},"yoast_head":"<!-- This site is optimized with the Yoast SEO plugin v26.6 - https:\/\/yoast.com\/wordpress\/plugins\/seo\/ -->\n<title>Darkside - Alan Walker - Guggify<\/title>\n<meta name=\"description\" content=\"\u201eDarkside\u201c von Alan Walker \u2013 ruhig, modern, stimmungsvoll. Ein einfacher, aber wirkungsvoller Popsong f\u00fcr emotionale Momente im Guggen-Set.\" \/>\n<meta name=\"robots\" content=\"index, follow, max-snippet:-1, max-image-preview:large, max-video-preview:-1\" \/>\n<link rel=\"canonical\" href=\"https:\/\/guggify.ch\/index.php\/produkt\/darkside-alan-walker\/\" \/>\n<meta property=\"og:locale\" content=\"de_DE\" \/>\n<meta property=\"og:type\" content=\"article\" \/>\n<meta property=\"og:title\" content=\"Darkside - Alan Walker - Guggify\" \/>\n<meta property=\"og:description\" content=\"\u201eDarkside\u201c von Alan Walker \u2013 ruhig, modern, stimmungsvoll. Ein einfacher, aber wirkungsvoller Popsong f\u00fcr emotionale Momente im Guggen-Set.\" \/>\n<meta property=\"og:url\" content=\"https:\/\/guggify.ch\/index.php\/produkt\/darkside-alan-walker\/\" \/>\n<meta property=\"og:site_name\" content=\"Guggify\" \/>\n<meta property=\"article:modified_time\" content=\"2025-12-25T12:49:56+00:00\" \/>\n<meta property=\"og:image\" content=\"https:\/\/guggify.ch\/wp-content\/uploads\/2025\/01\/darkside_cover.jpg\" \/>\n\t<meta property=\"og:image:width\" content=\"640\" \/>\n\t<meta property=\"og:image:height\" content=\"640\" \/>\n\t<meta property=\"og:image:type\" content=\"image\/jpeg\" \/>\n<meta name=\"twitter:card\" content=\"summary_large_image\" \/>\n<meta name=\"twitter:label1\" content=\"Gesch\u00e4tzte Lesezeit\" \/>\n\t<meta name=\"twitter:data1\" content=\"1\u00a0Minute\" \/>\n<script type=\"application\/ld+json\" class=\"yoast-schema-graph\">{\"@context\":\"https:\/\/schema.org\",\"@graph\":[{\"@type\":\"WebPage\",\"@id\":\"https:\/\/guggify.ch\/index.php\/produkt\/darkside-alan-walker\/\",\"url\":\"https:\/\/guggify.ch\/index.php\/produkt\/darkside-alan-walker\/\",\"name\":\"Darkside - Alan Walker - Guggify\",\"isPartOf\":{\"@id\":\"https:\/\/guggify.ch\/#website\"},\"primaryImageOfPage\":{\"@id\":\"https:\/\/guggify.ch\/index.php\/produkt\/darkside-alan-walker\/#primaryimage\"},\"image\":{\"@id\":\"https:\/\/guggify.ch\/index.php\/produkt\/darkside-alan-walker\/#primaryimage\"},\"thumbnailUrl\":\"https:\/\/guggify.ch\/wp-content\/uploads\/2025\/01\/darkside_cover.jpg\",\"datePublished\":\"2025-01-31T15:45:23+00:00\",\"dateModified\":\"2025-12-25T12:49:56+00:00\",\"description\":\"\u201eDarkside\u201c von Alan Walker \u2013 ruhig, modern, stimmungsvoll. Ein einfacher, aber wirkungsvoller Popsong f\u00fcr emotionale Momente im Guggen-Set.\",\"breadcrumb\":{\"@id\":\"https:\/\/guggify.ch\/index.php\/produkt\/darkside-alan-walker\/#breadcrumb\"},\"inLanguage\":\"de-CH\",\"potentialAction\":[{\"@type\":\"ReadAction\",\"target\":[\"https:\/\/guggify.ch\/index.php\/produkt\/darkside-alan-walker\/\"]}]},{\"@type\":\"ImageObject\",\"inLanguage\":\"de-CH\",\"@id\":\"https:\/\/guggify.ch\/index.php\/produkt\/darkside-alan-walker\/#primaryimage\",\"url\":\"https:\/\/guggify.ch\/wp-content\/uploads\/2025\/01\/darkside_cover.jpg\",\"contentUrl\":\"https:\/\/guggify.ch\/wp-content\/uploads\/2025\/01\/darkside_cover.jpg\",\"width\":640,\"height\":640},{\"@type\":\"BreadcrumbList\",\"@id\":\"https:\/\/guggify.ch\/index.php\/produkt\/darkside-alan-walker\/#breadcrumb\",\"itemListElement\":[{\"@type\":\"ListItem\",\"position\":1,\"name\":\"Startseite\",\"item\":\"https:\/\/guggify.ch\/\"},{\"@type\":\"ListItem\",\"position\":2,\"name\":\"Lieder\",\"item\":\"https:\/\/guggify.ch\/index.php\/shop\/\"},{\"@type\":\"ListItem\",\"position\":3,\"name\":\"Darkside &#8211; Alan Walker\"}]},{\"@type\":\"WebSite\",\"@id\":\"https:\/\/guggify.ch\/#website\",\"url\":\"https:\/\/guggify.ch\/\",\"name\":\"Guggify\",\"description\":\"Guggen-Arrangements &amp; Noten, die bewegen.\",\"publisher\":{\"@id\":\"https:\/\/guggify.ch\/#organization\"},\"potentialAction\":[{\"@type\":\"SearchAction\",\"target\":{\"@type\":\"EntryPoint\",\"urlTemplate\":\"https:\/\/guggify.ch\/?s={search_term_string}\"},\"query-input\":{\"@type\":\"PropertyValueSpecification\",\"valueRequired\":true,\"valueName\":\"search_term_string\"}}],\"inLanguage\":\"de-CH\"},{\"@type\":\"Organization\",\"@id\":\"https:\/\/guggify.ch\/#organization\",\"name\":\"Guggify\",\"url\":\"https:\/\/guggify.ch\/\",\"logo\":{\"@type\":\"ImageObject\",\"inLanguage\":\"de-CH\",\"@id\":\"https:\/\/guggify.ch\/#\/schema\/logo\/image\/\",\"url\":\"https:\/\/guggify.ch\/wp-content\/uploads\/2025\/01\/DALL_E-2025-01-03-11.40-removebg-preview.png\",\"contentUrl\":\"https:\/\/guggify.ch\/wp-content\/uploads\/2025\/01\/DALL_E-2025-01-03-11.40-removebg-preview.png\",\"width\":500,\"height\":500,\"caption\":\"Guggify\"},\"image\":{\"@id\":\"https:\/\/guggify.ch\/#\/schema\/logo\/image\/\"},\"sameAs\":[\"https:\/\/www.youtube.com\/@Guggify-CH\"]}]}<\/script>\n<!-- \/ Yoast SEO plugin. -->","yoast_head_json":{"title":"Darkside - Alan Walker - Guggify","description":"\u201eDarkside\u201c von Alan Walker \u2013 ruhig, modern, stimmungsvoll. Ein einfacher, aber wirkungsvoller Popsong f\u00fcr emotionale Momente im Guggen-Set.","robots":{"index":"index","follow":"follow","max-snippet":"max-snippet:-1","max-image-preview":"max-image-preview:large","max-video-preview":"max-video-preview:-1"},"canonical":"https:\/\/guggify.ch\/index.php\/produkt\/darkside-alan-walker\/","og_locale":"de_DE","og_type":"article","og_title":"Darkside - Alan Walker - Guggify","og_description":"\u201eDarkside\u201c von Alan Walker \u2013 ruhig, modern, stimmungsvoll. Ein einfacher, aber wirkungsvoller Popsong f\u00fcr emotionale Momente im Guggen-Set.","og_url":"https:\/\/guggify.ch\/index.php\/produkt\/darkside-alan-walker\/","og_site_name":"Guggify","article_modified_time":"2025-12-25T12:49:56+00:00","og_image":[{"width":640,"height":640,"url":"https:\/\/guggify.ch\/wp-content\/uploads\/2025\/01\/darkside_cover.jpg","type":"image\/jpeg"}],"twitter_card":"summary_large_image","twitter_misc":{"Gesch\u00e4tzte Lesezeit":"1\u00a0Minute"},"schema":{"@context":"https:\/\/schema.org","@graph":[{"@type":"WebPage","@id":"https:\/\/guggify.ch\/index.php\/produkt\/darkside-alan-walker\/","url":"https:\/\/guggify.ch\/index.php\/produkt\/darkside-alan-walker\/","name":"Darkside - Alan Walker - Guggify","isPartOf":{"@id":"https:\/\/guggify.ch\/#website"},"primaryImageOfPage":{"@id":"https:\/\/guggify.ch\/index.php\/produkt\/darkside-alan-walker\/#primaryimage"},"image":{"@id":"https:\/\/guggify.ch\/index.php\/produkt\/darkside-alan-walker\/#primaryimage"},"thumbnailUrl":"https:\/\/guggify.ch\/wp-content\/uploads\/2025\/01\/darkside_cover.jpg","datePublished":"2025-01-31T15:45:23+00:00","dateModified":"2025-12-25T12:49:56+00:00","description":"\u201eDarkside\u201c von Alan Walker \u2013 ruhig, modern, stimmungsvoll. Ein einfacher, aber wirkungsvoller Popsong f\u00fcr emotionale Momente im Guggen-Set.","breadcrumb":{"@id":"https:\/\/guggify.ch\/index.php\/produkt\/darkside-alan-walker\/#breadcrumb"},"inLanguage":"de-CH","potentialAction":[{"@type":"ReadAction","target":["https:\/\/guggify.ch\/index.php\/produkt\/darkside-alan-walker\/"]}]},{"@type":"ImageObject","inLanguage":"de-CH","@id":"https:\/\/guggify.ch\/index.php\/produkt\/darkside-alan-walker\/#primaryimage","url":"https:\/\/guggify.ch\/wp-content\/uploads\/2025\/01\/darkside_cover.jpg","contentUrl":"https:\/\/guggify.ch\/wp-content\/uploads\/2025\/01\/darkside_cover.jpg","width":640,"height":640},{"@type":"BreadcrumbList","@id":"https:\/\/guggify.ch\/index.php\/produkt\/darkside-alan-walker\/#breadcrumb","itemListElement":[{"@type":"ListItem","position":1,"name":"Startseite","item":"https:\/\/guggify.ch\/"},{"@type":"ListItem","position":2,"name":"Lieder","item":"https:\/\/guggify.ch\/index.php\/shop\/"},{"@type":"ListItem","position":3,"name":"Darkside &#8211; Alan Walker"}]},{"@type":"WebSite","@id":"https:\/\/guggify.ch\/#website","url":"https:\/\/guggify.ch\/","name":"Guggify","description":"Guggen-Arrangements &amp; Noten, die bewegen.","publisher":{"@id":"https:\/\/guggify.ch\/#organization"},"potentialAction":[{"@type":"SearchAction","target":{"@type":"EntryPoint","urlTemplate":"https:\/\/guggify.ch\/?s={search_term_string}"},"query-input":{"@type":"PropertyValueSpecification","valueRequired":true,"valueName":"search_term_string"}}],"inLanguage":"de-CH"},{"@type":"Organization","@id":"https:\/\/guggify.ch\/#organization","name":"Guggify","url":"https:\/\/guggify.ch\/","logo":{"@type":"ImageObject","inLanguage":"de-CH","@id":"https:\/\/guggify.ch\/#\/schema\/logo\/image\/","url":"https:\/\/guggify.ch\/wp-content\/uploads\/2025\/01\/DALL_E-2025-01-03-11.40-removebg-preview.png","contentUrl":"https:\/\/guggify.ch\/wp-content\/uploads\/2025\/01\/DALL_E-2025-01-03-11.40-removebg-preview.png","width":500,"height":500,"caption":"Guggify"},"image":{"@id":"https:\/\/guggify.ch\/#\/schema\/logo\/image\/"},"sameAs":["https:\/\/www.youtube.com\/@Guggify-CH"]}]}},"jetpack_sharing_enabled":true,"_links":{"self":[{"href":"https:\/\/guggify.ch\/index.php\/wp-json\/wp\/v2\/product\/158","targetHints":{"allow":["GET"]}}],"collection":[{"href":"https:\/\/guggify.ch\/index.php\/wp-json\/wp\/v2\/product"}],"about":[{"href":"https:\/\/guggify.ch\/index.php\/wp-json\/wp\/v2\/types\/product"}],"replies":[{"embeddable":true,"href":"https:\/\/guggify.ch\/index.php\/wp-json\/wp\/v2\/comments?post=158"}],"wp:featuredmedia":[{"embeddable":true,"href":"https:\/\/guggify.ch\/index.php\/wp-json\/wp\/v2\/media\/159"}],"wp:attachment":[{"href":"https:\/\/guggify.ch\/index.php\/wp-json\/wp\/v2\/media?parent=158"}],"wp:term":[{"taxonomy":"product_brand","embeddable":true,"href":"https:\/\/guggify.ch\/index.php\/wp-json\/wp\/v2\/product_brand?post=158"},{"taxonomy":"product_cat","embeddable":true,"href":"https:\/\/guggify.ch\/index.php\/wp-json\/wp\/v2\/product_cat?post=158"},{"taxonomy":"product_tag","embeddable":true,"href":"https:\/\/guggify.ch\/index.php\/wp-json\/wp\/v2\/product_tag?post=158"}],"curies":[{"name":"wp","href":"https:\/\/api.w.org\/{rel}","templated":true}]}}