{"id":52,"date":"2025-01-02T23:56:05","date_gmt":"2025-01-02T22:56:05","guid":{"rendered":"http:\/\/guggify.ch\/?post_type=product&#038;p=52"},"modified":"2025-12-25T13:50:35","modified_gmt":"2025-12-25T12:50:35","slug":"to-hell-and-back-sabaton","status":"publish","type":"product","link":"https:\/\/guggify.ch\/index.php\/produkt\/to-hell-and-back-sabaton\/","title":{"rendered":"To Hell and Back &#8211; Sabaton"},"content":{"rendered":"<p><audio class=\"wp-audio-shortcode\" id=\"audio-52-1\" preload=\"none\" style=\"width: 100%;\" controls=\"controls\"><source type=\"audio\/mpeg\" src=\"https:\/\/guggify.ch\/wp-content\/uploads\/2025\/01\/sabaton_to_hell_and_back_preview.mp3?_=1\" \/><a href=\"https:\/\/guggify.ch\/wp-content\/uploads\/2025\/01\/sabaton_to_hell_and_back_preview.mp3\">https:\/\/guggify.ch\/wp-content\/uploads\/2025\/01\/sabaton_to_hell_and_back_preview.mp3<\/a><\/audio><br \/>\n<iframe style=\"border-radius:12px\" src=\"https:\/\/open.spotify.com\/embed\/track\/1BrgjqSg9du0lj3TUMLluL?utm_source=generator\" width=\"100%\" height=\"152\" frameBorder=\"0\" allowfullscreen=\"\" allow=\"autoplay; clipboard-write; encrypted-media; fullscreen; picture-in-picture\" loading=\"lazy\"><\/iframe><\/p>\n<h3>Stimmen<\/h3>\n<p>1 Euphonium, 1-2 Trompete, 1-2 Posaune, 1 Sousaphon, Schlagwerk + Lyra<\/p>\n<h3>Schwierigkeit<\/h3>\n<p>Gesamtschwierigkeit: Mittel<\/p>\n","protected":false},"excerpt":{"rendered":"<p>Mit \u201eTo Hell and Back\u201c von Sabaton bringt man garantiert Wucht und \u00dcberraschung auf die B\u00fchne. Der Song kombiniert brachialen Metal-Sound mit einer \u00fcberraschend eing\u00e4ngigen Melodie und einem starken, fast schon hymnischen Refrain. In der Guggen-Version entsteht eine massive Klangwand, die sich immer wieder \u00f6ffnet f\u00fcr dynamische Wechsel \u2013 mal marschartig treibend, mal breit und m\u00e4chtig.<\/p>\n<p>Das St\u00fcck lebt von seiner Power, l\u00e4sst aber auch Raum f\u00fcr musikalische Feinheiten und Kontraste. Ein garantierter \u00dcberraschungsmoment \u2013 und ein Song, der das Publikum von Anfang an packt.<\/p>\n","protected":false},"featured_media":53,"comment_status":"open","ping_status":"closed","template":"","meta":[],"product_brand":[],"product_cat":[15],"product_tag":[],"class_list":{"0":"post-52","1":"product","2":"type-product","3":"status-publish","4":"has-post-thumbnail","6":"product_cat-unkategorisiert","8":"first","9":"instock","10":"downloadable","11":"virtual","12":"purchasable","13":"product-type-simple"},"yoast_head":"<!-- This site is optimized with the Yoast SEO plugin v26.6 - https:\/\/yoast.com\/wordpress\/plugins\/seo\/ -->\n<title>To Hell and Back - Sabaton - Guggify<\/title>\n<meta name=\"description\" content=\"\u201eTo Hell and Back\u201c \u2013 m\u00e4chtig, melodisch, \u00fcberraschend. Sabaton-Metal mit G\u00e4nsehaut-Refrain und vollem Gugge-Druck. F\u00fcr alle, die\u2019s laut und episch m\u00f6gen.\" \/>\n<meta name=\"robots\" content=\"index, follow, max-snippet:-1, max-image-preview:large, max-video-preview:-1\" \/>\n<link rel=\"canonical\" href=\"https:\/\/guggify.ch\/index.php\/produkt\/to-hell-and-back-sabaton\/\" \/>\n<meta property=\"og:locale\" content=\"de_DE\" \/>\n<meta property=\"og:type\" content=\"article\" \/>\n<meta property=\"og:title\" content=\"To Hell and Back - Sabaton - Guggify\" \/>\n<meta property=\"og:description\" content=\"\u201eTo Hell and Back\u201c \u2013 m\u00e4chtig, melodisch, \u00fcberraschend. Sabaton-Metal mit G\u00e4nsehaut-Refrain und vollem Gugge-Druck. F\u00fcr alle, die\u2019s laut und episch m\u00f6gen.\" \/>\n<meta property=\"og:url\" content=\"https:\/\/guggify.ch\/index.php\/produkt\/to-hell-and-back-sabaton\/\" \/>\n<meta property=\"og:site_name\" content=\"Guggify\" \/>\n<meta property=\"article:modified_time\" content=\"2025-12-25T12:50:35+00:00\" \/>\n<meta property=\"og:image\" content=\"https:\/\/guggify.ch\/wp-content\/uploads\/2025\/01\/ab67616d0000b273735eecca68d3bb03e2e35a75.jpg\" \/>\n\t<meta property=\"og:image:width\" content=\"640\" \/>\n\t<meta property=\"og:image:height\" content=\"640\" \/>\n\t<meta property=\"og:image:type\" content=\"image\/jpeg\" \/>\n<meta name=\"twitter:card\" content=\"summary_large_image\" \/>\n<meta name=\"twitter:label1\" content=\"Gesch\u00e4tzte Lesezeit\" \/>\n\t<meta name=\"twitter:data1\" content=\"1\u00a0Minute\" \/>\n<script type=\"application\/ld+json\" class=\"yoast-schema-graph\">{\"@context\":\"https:\/\/schema.org\",\"@graph\":[{\"@type\":\"WebPage\",\"@id\":\"https:\/\/guggify.ch\/index.php\/produkt\/to-hell-and-back-sabaton\/\",\"url\":\"https:\/\/guggify.ch\/index.php\/produkt\/to-hell-and-back-sabaton\/\",\"name\":\"To Hell and Back - Sabaton - Guggify\",\"isPartOf\":{\"@id\":\"https:\/\/guggify.ch\/#website\"},\"primaryImageOfPage\":{\"@id\":\"https:\/\/guggify.ch\/index.php\/produkt\/to-hell-and-back-sabaton\/#primaryimage\"},\"image\":{\"@id\":\"https:\/\/guggify.ch\/index.php\/produkt\/to-hell-and-back-sabaton\/#primaryimage\"},\"thumbnailUrl\":\"https:\/\/guggify.ch\/wp-content\/uploads\/2025\/01\/ab67616d0000b273735eecca68d3bb03e2e35a75.jpg\",\"datePublished\":\"2025-01-02T22:56:05+00:00\",\"dateModified\":\"2025-12-25T12:50:35+00:00\",\"description\":\"\u201eTo Hell and Back\u201c \u2013 m\u00e4chtig, melodisch, \u00fcberraschend. Sabaton-Metal mit G\u00e4nsehaut-Refrain und vollem Gugge-Druck. F\u00fcr alle, die\u2019s laut und episch m\u00f6gen.\",\"breadcrumb\":{\"@id\":\"https:\/\/guggify.ch\/index.php\/produkt\/to-hell-and-back-sabaton\/#breadcrumb\"},\"inLanguage\":\"de-CH\",\"potentialAction\":[{\"@type\":\"ReadAction\",\"target\":[\"https:\/\/guggify.ch\/index.php\/produkt\/to-hell-and-back-sabaton\/\"]}]},{\"@type\":\"ImageObject\",\"inLanguage\":\"de-CH\",\"@id\":\"https:\/\/guggify.ch\/index.php\/produkt\/to-hell-and-back-sabaton\/#primaryimage\",\"url\":\"https:\/\/guggify.ch\/wp-content\/uploads\/2025\/01\/ab67616d0000b273735eecca68d3bb03e2e35a75.jpg\",\"contentUrl\":\"https:\/\/guggify.ch\/wp-content\/uploads\/2025\/01\/ab67616d0000b273735eecca68d3bb03e2e35a75.jpg\",\"width\":640,\"height\":640},{\"@type\":\"BreadcrumbList\",\"@id\":\"https:\/\/guggify.ch\/index.php\/produkt\/to-hell-and-back-sabaton\/#breadcrumb\",\"itemListElement\":[{\"@type\":\"ListItem\",\"position\":1,\"name\":\"Startseite\",\"item\":\"https:\/\/guggify.ch\/\"},{\"@type\":\"ListItem\",\"position\":2,\"name\":\"Lieder\",\"item\":\"https:\/\/guggify.ch\/index.php\/shop\/\"},{\"@type\":\"ListItem\",\"position\":3,\"name\":\"To Hell and Back &#8211; Sabaton\"}]},{\"@type\":\"WebSite\",\"@id\":\"https:\/\/guggify.ch\/#website\",\"url\":\"https:\/\/guggify.ch\/\",\"name\":\"Guggify\",\"description\":\"Guggen-Arrangements &amp; Noten, die bewegen.\",\"publisher\":{\"@id\":\"https:\/\/guggify.ch\/#organization\"},\"potentialAction\":[{\"@type\":\"SearchAction\",\"target\":{\"@type\":\"EntryPoint\",\"urlTemplate\":\"https:\/\/guggify.ch\/?s={search_term_string}\"},\"query-input\":{\"@type\":\"PropertyValueSpecification\",\"valueRequired\":true,\"valueName\":\"search_term_string\"}}],\"inLanguage\":\"de-CH\"},{\"@type\":\"Organization\",\"@id\":\"https:\/\/guggify.ch\/#organization\",\"name\":\"Guggify\",\"url\":\"https:\/\/guggify.ch\/\",\"logo\":{\"@type\":\"ImageObject\",\"inLanguage\":\"de-CH\",\"@id\":\"https:\/\/guggify.ch\/#\/schema\/logo\/image\/\",\"url\":\"https:\/\/guggify.ch\/wp-content\/uploads\/2025\/01\/DALL_E-2025-01-03-11.40-removebg-preview.png\",\"contentUrl\":\"https:\/\/guggify.ch\/wp-content\/uploads\/2025\/01\/DALL_E-2025-01-03-11.40-removebg-preview.png\",\"width\":500,\"height\":500,\"caption\":\"Guggify\"},\"image\":{\"@id\":\"https:\/\/guggify.ch\/#\/schema\/logo\/image\/\"},\"sameAs\":[\"https:\/\/www.youtube.com\/@Guggify-CH\"]}]}<\/script>\n<!-- \/ Yoast SEO plugin. -->","yoast_head_json":{"title":"To Hell and Back - Sabaton - Guggify","description":"\u201eTo Hell and Back\u201c \u2013 m\u00e4chtig, melodisch, \u00fcberraschend. Sabaton-Metal mit G\u00e4nsehaut-Refrain und vollem Gugge-Druck. F\u00fcr alle, die\u2019s laut und episch m\u00f6gen.","robots":{"index":"index","follow":"follow","max-snippet":"max-snippet:-1","max-image-preview":"max-image-preview:large","max-video-preview":"max-video-preview:-1"},"canonical":"https:\/\/guggify.ch\/index.php\/produkt\/to-hell-and-back-sabaton\/","og_locale":"de_DE","og_type":"article","og_title":"To Hell and Back - Sabaton - Guggify","og_description":"\u201eTo Hell and Back\u201c \u2013 m\u00e4chtig, melodisch, \u00fcberraschend. Sabaton-Metal mit G\u00e4nsehaut-Refrain und vollem Gugge-Druck. F\u00fcr alle, die\u2019s laut und episch m\u00f6gen.","og_url":"https:\/\/guggify.ch\/index.php\/produkt\/to-hell-and-back-sabaton\/","og_site_name":"Guggify","article_modified_time":"2025-12-25T12:50:35+00:00","og_image":[{"width":640,"height":640,"url":"https:\/\/guggify.ch\/wp-content\/uploads\/2025\/01\/ab67616d0000b273735eecca68d3bb03e2e35a75.jpg","type":"image\/jpeg"}],"twitter_card":"summary_large_image","twitter_misc":{"Gesch\u00e4tzte Lesezeit":"1\u00a0Minute"},"schema":{"@context":"https:\/\/schema.org","@graph":[{"@type":"WebPage","@id":"https:\/\/guggify.ch\/index.php\/produkt\/to-hell-and-back-sabaton\/","url":"https:\/\/guggify.ch\/index.php\/produkt\/to-hell-and-back-sabaton\/","name":"To Hell and Back - Sabaton - Guggify","isPartOf":{"@id":"https:\/\/guggify.ch\/#website"},"primaryImageOfPage":{"@id":"https:\/\/guggify.ch\/index.php\/produkt\/to-hell-and-back-sabaton\/#primaryimage"},"image":{"@id":"https:\/\/guggify.ch\/index.php\/produkt\/to-hell-and-back-sabaton\/#primaryimage"},"thumbnailUrl":"https:\/\/guggify.ch\/wp-content\/uploads\/2025\/01\/ab67616d0000b273735eecca68d3bb03e2e35a75.jpg","datePublished":"2025-01-02T22:56:05+00:00","dateModified":"2025-12-25T12:50:35+00:00","description":"\u201eTo Hell and Back\u201c \u2013 m\u00e4chtig, melodisch, \u00fcberraschend. Sabaton-Metal mit G\u00e4nsehaut-Refrain und vollem Gugge-Druck. F\u00fcr alle, die\u2019s laut und episch m\u00f6gen.","breadcrumb":{"@id":"https:\/\/guggify.ch\/index.php\/produkt\/to-hell-and-back-sabaton\/#breadcrumb"},"inLanguage":"de-CH","potentialAction":[{"@type":"ReadAction","target":["https:\/\/guggify.ch\/index.php\/produkt\/to-hell-and-back-sabaton\/"]}]},{"@type":"ImageObject","inLanguage":"de-CH","@id":"https:\/\/guggify.ch\/index.php\/produkt\/to-hell-and-back-sabaton\/#primaryimage","url":"https:\/\/guggify.ch\/wp-content\/uploads\/2025\/01\/ab67616d0000b273735eecca68d3bb03e2e35a75.jpg","contentUrl":"https:\/\/guggify.ch\/wp-content\/uploads\/2025\/01\/ab67616d0000b273735eecca68d3bb03e2e35a75.jpg","width":640,"height":640},{"@type":"BreadcrumbList","@id":"https:\/\/guggify.ch\/index.php\/produkt\/to-hell-and-back-sabaton\/#breadcrumb","itemListElement":[{"@type":"ListItem","position":1,"name":"Startseite","item":"https:\/\/guggify.ch\/"},{"@type":"ListItem","position":2,"name":"Lieder","item":"https:\/\/guggify.ch\/index.php\/shop\/"},{"@type":"ListItem","position":3,"name":"To Hell and Back &#8211; Sabaton"}]},{"@type":"WebSite","@id":"https:\/\/guggify.ch\/#website","url":"https:\/\/guggify.ch\/","name":"Guggify","description":"Guggen-Arrangements &amp; Noten, die bewegen.","publisher":{"@id":"https:\/\/guggify.ch\/#organization"},"potentialAction":[{"@type":"SearchAction","target":{"@type":"EntryPoint","urlTemplate":"https:\/\/guggify.ch\/?s={search_term_string}"},"query-input":{"@type":"PropertyValueSpecification","valueRequired":true,"valueName":"search_term_string"}}],"inLanguage":"de-CH"},{"@type":"Organization","@id":"https:\/\/guggify.ch\/#organization","name":"Guggify","url":"https:\/\/guggify.ch\/","logo":{"@type":"ImageObject","inLanguage":"de-CH","@id":"https:\/\/guggify.ch\/#\/schema\/logo\/image\/","url":"https:\/\/guggify.ch\/wp-content\/uploads\/2025\/01\/DALL_E-2025-01-03-11.40-removebg-preview.png","contentUrl":"https:\/\/guggify.ch\/wp-content\/uploads\/2025\/01\/DALL_E-2025-01-03-11.40-removebg-preview.png","width":500,"height":500,"caption":"Guggify"},"image":{"@id":"https:\/\/guggify.ch\/#\/schema\/logo\/image\/"},"sameAs":["https:\/\/www.youtube.com\/@Guggify-CH"]}]}},"jetpack_sharing_enabled":true,"_links":{"self":[{"href":"https:\/\/guggify.ch\/index.php\/wp-json\/wp\/v2\/product\/52","targetHints":{"allow":["GET"]}}],"collection":[{"href":"https:\/\/guggify.ch\/index.php\/wp-json\/wp\/v2\/product"}],"about":[{"href":"https:\/\/guggify.ch\/index.php\/wp-json\/wp\/v2\/types\/product"}],"replies":[{"embeddable":true,"href":"https:\/\/guggify.ch\/index.php\/wp-json\/wp\/v2\/comments?post=52"}],"wp:featuredmedia":[{"embeddable":true,"href":"https:\/\/guggify.ch\/index.php\/wp-json\/wp\/v2\/media\/53"}],"wp:attachment":[{"href":"https:\/\/guggify.ch\/index.php\/wp-json\/wp\/v2\/media?parent=52"}],"wp:term":[{"taxonomy":"product_brand","embeddable":true,"href":"https:\/\/guggify.ch\/index.php\/wp-json\/wp\/v2\/product_brand?post=52"},{"taxonomy":"product_cat","embeddable":true,"href":"https:\/\/guggify.ch\/index.php\/wp-json\/wp\/v2\/product_cat?post=52"},{"taxonomy":"product_tag","embeddable":true,"href":"https:\/\/guggify.ch\/index.php\/wp-json\/wp\/v2\/product_tag?post=52"}],"curies":[{"name":"wp","href":"https:\/\/api.w.org\/{rel}","templated":true}]}}